{"id":36,"date":"2014-12-06T17:24:59","date_gmt":"2014-12-06T17:24:59","guid":{"rendered":"http:\/\/www.fasokele.org\/?page_id=36"},"modified":"2015-11-11T17:52:16","modified_gmt":"2015-11-11T17:52:16","slug":"kunsthandwerk","status":"publish","type":"page","link":"https:\/\/fasokele.org\/?page_id=36","title":{"rendered":"Kunsthandwerk"},"content":{"rendered":"<p><\/p>\n<p style=\"text-align: justify;\">Mittels unseres Kunsthandwerks leisten wir einen Beitrag zur F\u00f6rderung eines \u00f6kologisch nachhaltigen Lebens. Angefangen von Kleidungsst\u00fccken, \u00fcber Dekorationsgegenst\u00e4nde bis hin zu Musikinstrumenten bieten wir zahlreiche Produkte an, die an jeweilige individuelle Bed\u00fcrfnisse und Vorstellungen angepasst werden k\u00f6nnen. \u00dcber eine direkte Kontaktaufnahme freuen wir uns sehr!<\/p>\n<p style=\"text-align: justify;\"><a href=\"http:\/\/www.fasokele.org\/wp-content\/uploads\/2015\/08\/Bogolan-Stoffe.jpg\"><img decoding=\"async\" loading=\"lazy\" class=\" size-medium wp-image-383 alignleft\" src=\"http:\/\/www.fasokele.org\/wp-content\/uploads\/2015\/08\/Bogolan-Stoffe-300x225.jpg\" alt=\"Bogolan-Stoffe\" width=\"300\" height=\"225\" srcset=\"https:\/\/fasokele.org\/wp-content\/uploads\/2015\/08\/Bogolan-Stoffe-300x225.jpg 300w, https:\/\/fasokele.org\/wp-content\/uploads\/2015\/08\/Bogolan-Stoffe.jpg 820w\" sizes=\"(max-width: 300px) 100vw, 300px\" \/><\/a> <a href=\"http:\/\/www.fasokele.org\/wp-content\/uploads\/2015\/08\/Tischlampen-und-Sandalen.jpg\"><img decoding=\"async\" loading=\"lazy\" class=\"alignright size-medium wp-image-384\" src=\"http:\/\/www.fasokele.org\/wp-content\/uploads\/2015\/08\/Tischlampen-und-Sandalen-300x225.jpg\" alt=\"Tischlampen und Sandalen\" width=\"300\" height=\"225\" srcset=\"https:\/\/fasokele.org\/wp-content\/uploads\/2015\/08\/Tischlampen-und-Sandalen-300x225.jpg 300w, https:\/\/fasokele.org\/wp-content\/uploads\/2015\/08\/Tischlampen-und-Sandalen.jpg 717w\" sizes=\"(max-width: 300px) 100vw, 300px\" \/><\/a><br \/>\nMit dem Bewusstsein \u00fcber die Gefahren und negativen Auswirkungen der Umweltverschmutzung, wollen wir insbesondere am Schutz der Umwelt mitwirken, wobei wir nach ad\u00e4quaten L\u00f6sungen suchen, die im Einklang mit der Natur und einer allumfassenden Gesundheit sind. Konkret hei\u00dft das, dass die von uns verwendeten Materialien nat\u00fcrlich, biologisch und recycelt sind. Auch die Herstellungsweise ist \u00f6kologisch, und k\u00fcnstlerisch, denn unser Kunsthandwerk ist vollst\u00e4ndig handgefertigt und in Kleinserien liebevoll produziert. Zus\u00e4tzlich besitzen unsere Kunstwerke eine transkulturelle Relevanz, denn der trans-zeitliche und trans-lokale Austausch ist sehr wichtig f\u00fcr das gegenw\u00e4rtige und auch zuk\u00fcnftige Leben, wie sie auch schon zu fr\u00fcheren Zeiten f\u00fcr die Menschheitsgeschichte von gro\u00dfer Bedeutung waren. Wir alle k\u00f6nnen voneinander lernen, \u00fcber L\u00e4ndergrenzen, Generationen und kulturellen sowie religi\u00f6sen Zugeh\u00f6rigkeiten hinweg. Dabei sind wir vor allem an einem gerechten und solidarischen Austausch interessiert, der auf Akzeptanz, Friedfertigkeit und gegenseitiges Verst\u00e4ndnis beruht.<\/p>\n<p><\/p>","protected":false},"excerpt":{"rendered":"<p>Mittels unseres Kunsthandwerks leisten wir einen Beitrag zur F\u00f6rderung eines \u00f6kologisch nachhaltigen Lebens. Angefangen von Kleidungsst\u00fccken, \u00fcber Dekorationsgegenst\u00e4nde bis hin zu Musikinstrumenten bieten wir zahlreiche Produkte an, die an jeweilige individuelle Bed\u00fcrfnisse und Vorstellungen angepasst werden k\u00f6nnen. \u00dcber eine direkte Kontaktaufnahme freuen wir uns sehr! Mit dem Bewusstsein \u00fcber die Gefahren und negativen Auswirkungen der &hellip; <a href=\"https:\/\/fasokele.org\/?page_id=36\" class=\"more-link\"><span class=\"screen-reader-text\">Kunsthandwerk<\/span> weiterlesen <span class=\"meta-nav\">&rarr;<\/span><\/a><\/p>\n","protected":false},"author":1,"featured_media":0,"parent":0,"menu_order":6,"comment_status":"closed","ping_status":"closed","template":"","meta":[],"_links":{"self":[{"href":"https:\/\/fasokele.org\/index.php?rest_route=\/wp\/v2\/pages\/36"}],"collection":[{"href":"https:\/\/fasokele.org\/index.php?rest_route=\/wp\/v2\/pages"}],"about":[{"href":"https:\/\/fasokele.org\/index.php?rest_route=\/wp\/v2\/types\/page"}],"author":[{"embeddable":true,"href":"https:\/\/fasokele.org\/index.php?rest_route=\/wp\/v2\/users\/1"}],"replies":[{"embeddable":true,"href":"https:\/\/fasokele.org\/index.php?rest_route=%2Fwp%2Fv2%2Fcomments&post=36"}],"version-history":[{"count":23,"href":"https:\/\/fasokele.org\/index.php?rest_route=\/wp\/v2\/pages\/36\/revisions"}],"predecessor-version":[{"id":385,"href":"https:\/\/fasokele.org\/index.php?rest_route=\/wp\/v2\/pages\/36\/revisions\/385"}],"wp:attachment":[{"href":"https:\/\/fasokele.org\/index.php?rest_route=%2Fwp%2Fv2%2Fmedia&parent=36"}],"curies":[{"name":"wp","href":"https:\/\/api.w.org\/{rel}","templated":true}]}}