{"id":585,"date":"2015-11-16T20:42:08","date_gmt":"2015-11-16T20:42:08","guid":{"rendered":"http:\/\/www.fasokele.org\/?page_id=585"},"modified":"2016-10-26T23:31:48","modified_gmt":"2016-10-26T23:31:48","slug":"2015-2-2","status":"publish","type":"page","link":"https:\/\/fasokele.org\/?page_id=585","title":{"rendered":"2015"},"content":{"rendered":"<p><\/p>\n<p style=\"text-align: justify;\">Die 4. Auflage unseres Festivals \u201eWelt ohne Grenzen\u201c fand vom 26. Februar bis 1. M\u00e4rz unter guten Bedingungen in Malis Hauptstadt Bamako statt. Hinsichtlich seines Programms, hat es sein Ziel nicht verfehlt. Auch gab es dieses Jahr eine Besonderheit, einen 4. Festtags-Tag. Der vierte Tag war der erste Tag, an dem kleine Konzerte und theatralisierte M\u00e4rchen vor einem gro\u00dfen Publikum auf Kreuzungen und M\u00e4rkten aufgef\u00fchrt wurden.<\/p>\n<p style=\"text-align: justify;\"><a href=\"http:\/\/www.fasokele.org\/wp-content\/uploads\/2015\/11\/B\u00fchne1.jpg\" target=\"_blank\"><img decoding=\"async\" loading=\"lazy\" class=\"aligncenter size-large wp-image-594\" src=\"http:\/\/www.fasokele.org\/wp-content\/uploads\/2015\/11\/B\u00fchne1-1024x423.jpg\" alt=\"B\u00fchne1\" width=\"960\" height=\"397\" srcset=\"https:\/\/fasokele.org\/wp-content\/uploads\/2015\/11\/B\u00fchne1-1024x423.jpg 1024w, https:\/\/fasokele.org\/wp-content\/uploads\/2015\/11\/B\u00fchne1-300x124.jpg 300w\" sizes=\"(max-width: 960px) 100vw, 960px\" \/><\/a><br \/>\nDas Festival bot zwei Workshops an, einen zum Erlernen der traditionellen und nat\u00fcrlichen Bogolan-F\u00e4rbe-Technik und einen anderen zur Bemalung von Stra\u00dfenschildern, die als Spende des Mou.Ras.Ma (Rastafari-Bewegung in Mali) f\u00fcr eine Schule gefertigt wurden.<\/p>\n<p style=\"text-align: justify;\"><a href=\"http:\/\/www.fasokele.org\/wp-content\/uploads\/2015\/11\/Bogolan-Workshop1.jpg\" target=\"_blank\"><img decoding=\"async\" loading=\"lazy\" class=\"  wp-image-586 alignnone\" src=\"http:\/\/www.fasokele.org\/wp-content\/uploads\/2015\/11\/Bogolan-Workshop1.jpg\" alt=\"Bogolan-Workshop1\" width=\"209\" height=\"156\" srcset=\"https:\/\/fasokele.org\/wp-content\/uploads\/2015\/11\/Bogolan-Workshop1.jpg 615w, https:\/\/fasokele.org\/wp-content\/uploads\/2015\/11\/Bogolan-Workshop1-300x225.jpg 300w\" sizes=\"(max-width: 209px) 100vw, 209px\" \/><\/a> <a href=\"http:\/\/www.fasokele.org\/wp-content\/uploads\/2015\/11\/Bogolan-Workshop2.jpg\" target=\"_blank\"><img decoding=\"async\" loading=\"lazy\" class=\"  wp-image-587 alignnone\" src=\"http:\/\/www.fasokele.org\/wp-content\/uploads\/2015\/11\/Bogolan-Workshop2.jpg\" alt=\"Bogolan-Workshop2\" width=\"164\" height=\"157\" srcset=\"https:\/\/fasokele.org\/wp-content\/uploads\/2015\/11\/Bogolan-Workshop2.jpg 480w, https:\/\/fasokele.org\/wp-content\/uploads\/2015\/11\/Bogolan-Workshop2-300x287.jpg 300w\" sizes=\"(max-width: 164px) 100vw, 164px\" \/><\/a> <a href=\"http:\/\/www.fasokele.org\/wp-content\/uploads\/2015\/11\/securit\u00e9-routiere.jpg\" target=\"_blank\"><img decoding=\"async\" loading=\"lazy\" class=\"  wp-image-593 alignnone\" src=\"http:\/\/www.fasokele.org\/wp-content\/uploads\/2015\/11\/securit\u00e9-routiere-1024x719.jpg\" alt=\"securit\u00e9 routiere\" width=\"224\" height=\"158\" srcset=\"https:\/\/fasokele.org\/wp-content\/uploads\/2015\/11\/securit\u00e9-routiere-1024x719.jpg 1024w, https:\/\/fasokele.org\/wp-content\/uploads\/2015\/11\/securit\u00e9-routiere-300x211.jpg 300w, https:\/\/fasokele.org\/wp-content\/uploads\/2015\/11\/securit\u00e9-routiere.jpg 1701w\" sizes=\"(max-width: 224px) 100vw, 224px\" \/><\/a><\/p>\n<p style=\"text-align: justify;\">Beehrt wurde das Festival durch viele K\u00fcnstlerInnen und vielf\u00e4ltigen Vorstellungen: von Sketschen bis Theaterst\u00fccken, von Reggae bis Hip Hop, von Choreografie bis Feuer-Jonglage und Nyabinghi als Abschluss der Abende.<\/p>\n<p style=\"text-align: justify;\"><a href=\"http:\/\/www.fasokele.org\/wp-content\/uploads\/2015\/11\/GbassDaddis-e1447705612271.jpg\" target=\"_blank\"><img decoding=\"async\" loading=\"lazy\" class=\"  wp-image-590 alignnone\" src=\"http:\/\/www.fasokele.org\/wp-content\/uploads\/2015\/11\/GbassDaddis-e1447705612271.jpg\" alt=\"Gbass&amp;Daddis\" width=\"155\" height=\"112\" srcset=\"https:\/\/fasokele.org\/wp-content\/uploads\/2015\/11\/GbassDaddis-e1447705612271.jpg 534w, https:\/\/fasokele.org\/wp-content\/uploads\/2015\/11\/GbassDaddis-e1447705612271-300x217.jpg 300w\" sizes=\"(max-width: 155px) 100vw, 155px\" \/><\/a>\u00a0<a href=\"http:\/\/www.fasokele.org\/wp-content\/uploads\/2015\/11\/Choreografie.jpg\" target=\"_blank\"><img decoding=\"async\" loading=\"lazy\" class=\"  wp-image-588 alignnone\" src=\"http:\/\/www.fasokele.org\/wp-content\/uploads\/2015\/11\/Choreografie.jpg\" alt=\"DCIM100MEDIA\" width=\"152\" height=\"113\" srcset=\"https:\/\/fasokele.org\/wp-content\/uploads\/2015\/11\/Choreografie.jpg 421w, https:\/\/fasokele.org\/wp-content\/uploads\/2015\/11\/Choreografie-300x222.jpg 300w\" sizes=\"(max-width: 152px) 100vw, 152px\" \/><\/a> <a href=\"http:\/\/www.fasokele.org\/wp-content\/uploads\/2015\/11\/Theaterst\u00fcck2.jpg\" target=\"_blank\"><img decoding=\"async\" loading=\"lazy\" class=\"  wp-image-591 alignnone\" src=\"http:\/\/www.fasokele.org\/wp-content\/uploads\/2015\/11\/Theaterst\u00fcck2-1024x726.jpg\" alt=\"DCIM100MEDIA\" width=\"158\" height=\"112\" srcset=\"https:\/\/fasokele.org\/wp-content\/uploads\/2015\/11\/Theaterst\u00fcck2-1024x726.jpg 1024w, https:\/\/fasokele.org\/wp-content\/uploads\/2015\/11\/Theaterst\u00fcck2-300x213.jpg 300w, https:\/\/fasokele.org\/wp-content\/uploads\/2015\/11\/Theaterst\u00fcck2.jpg 1338w\" sizes=\"(max-width: 158px) 100vw, 158px\" \/><\/a> <a href=\"http:\/\/www.fasokele.org\/wp-content\/uploads\/2015\/11\/Feuerschow.jpg\" target=\"_blank\"><img decoding=\"async\" loading=\"lazy\" class=\"  wp-image-589 alignnone\" src=\"http:\/\/www.fasokele.org\/wp-content\/uploads\/2015\/11\/Feuerschow.jpg\" alt=\"DCIM100MEDIA\" width=\"129\" height=\"113\" \/><\/a><\/p>\n<p><iframe loading=\"lazy\" title=\"Festival-Impressionen (monde sans fronti\u00e8res)\" width=\"474\" height=\"267\" src=\"https:\/\/www.youtube.com\/embed\/gcEVdDQJngA?feature=oembed\" frameborder=\"0\" allow=\"accelerometer; autoplay; clipboard-write; encrypted-media; gyroscope; picture-in-picture; web-share\" allowfullscreen><\/iframe><\/p>\n<p style=\"text-align: justify;\">Die Anwesenheit der wichtigsten VertreterInnen des Mou.Ras.Ma, sowie der zahlreichen K\u00fcnstlerInnen und ZuschauerInnnen geben uns erneute Energie f\u00fcr die Organisation der 5. Auflage.<\/p>\n<p><\/p>","protected":false},"excerpt":{"rendered":"<p>Die 4. Auflage unseres Festivals \u201eWelt ohne Grenzen\u201c fand vom 26. Februar bis 1. M\u00e4rz unter guten Bedingungen in Malis Hauptstadt Bamako statt. Hinsichtlich seines Programms, hat es sein Ziel nicht verfehlt. Auch gab es dieses Jahr eine Besonderheit, einen 4. Festtags-Tag. Der vierte Tag war der erste Tag, an dem kleine Konzerte und theatralisierte &hellip; <a href=\"https:\/\/fasokele.org\/?page_id=585\" class=\"more-link\"><span class=\"screen-reader-text\">2015<\/span> weiterlesen <span class=\"meta-nav\">&rarr;<\/span><\/a><\/p>\n","protected":false},"author":1,"featured_media":0,"parent":46,"menu_order":3,"comment_status":"closed","ping_status":"closed","template":"","meta":[],"_links":{"self":[{"href":"https:\/\/fasokele.org\/index.php?rest_route=\/wp\/v2\/pages\/585"}],"collection":[{"href":"https:\/\/fasokele.org\/index.php?rest_route=\/wp\/v2\/pages"}],"about":[{"href":"https:\/\/fasokele.org\/index.php?rest_route=\/wp\/v2\/types\/page"}],"author":[{"embeddable":true,"href":"https:\/\/fasokele.org\/index.php?rest_route=\/wp\/v2\/users\/1"}],"replies":[{"embeddable":true,"href":"https:\/\/fasokele.org\/index.php?rest_route=%2Fwp%2Fv2%2Fcomments&post=585"}],"version-history":[{"count":5,"href":"https:\/\/fasokele.org\/index.php?rest_route=\/wp\/v2\/pages\/585\/revisions"}],"predecessor-version":[{"id":617,"href":"https:\/\/fasokele.org\/index.php?rest_route=\/wp\/v2\/pages\/585\/revisions\/617"}],"up":[{"embeddable":true,"href":"https:\/\/fasokele.org\/index.php?rest_route=\/wp\/v2\/pages\/46"}],"wp:attachment":[{"href":"https:\/\/fasokele.org\/index.php?rest_route=%2Fwp%2Fv2%2Fmedia&parent=585"}],"curies":[{"name":"wp","href":"https:\/\/api.w.org\/{rel}","templated":true}]}}