{"id":826,"date":"2016-08-11T21:18:03","date_gmt":"2016-08-11T21:18:03","guid":{"rendered":"http:\/\/www.fasokele.org\/?page_id=826"},"modified":"2016-08-11T21:31:19","modified_gmt":"2016-08-11T21:31:19","slug":"partner-unterstuetzerinnen","status":"publish","type":"page","link":"https:\/\/fasokele.org\/?page_id=826","title":{"rendered":"Partner* &#038; Unterst\u00fctzer*innen"},"content":{"rendered":"<p><\/p>\n<ul>\n<li>\n<h4><a href=\"http:\/\/afrique-europe-interact.net\" target=\"_blank\">Afrique-Europe-Interact<\/a><\/h4>\n<\/li>\n<li>\n<h4><a href=\"http:\/\/www.gutermuth.de\/\" target=\"_blank\">Gutermuth<\/a><\/h4>\n<\/li>\n<li>\n<h4><a href=\"https:\/\/kokopelli-semences.fr\/\" target=\"_blank\">Kokopelli<\/a><\/h4>\n<\/li>\n<li>\n<h4>Die Gr\u00fcndung FASO KELEs als gr\u00fcnes fair-trade Labe<a href=\"http:\/\/www.fasokele.org\/wp-content\/uploads\/2016\/08\/esf_logo_4c.jpg\"><img decoding=\"async\" loading=\"lazy\" class=\"  wp-image-827 alignright\" src=\"http:\/\/www.fasokele.org\/wp-content\/uploads\/2016\/08\/esf_logo_4c-1024x458.jpg\" alt=\"esf_logo_4c\" width=\"144\" height=\"64\" srcset=\"https:\/\/fasokele.org\/wp-content\/uploads\/2016\/08\/esf_logo_4c-1024x458.jpg 1024w, https:\/\/fasokele.org\/wp-content\/uploads\/2016\/08\/esf_logo_4c-300x134.jpg 300w, https:\/\/fasokele.org\/wp-content\/uploads\/2016\/08\/esf_logo_4c-604x270.jpg 604w, https:\/\/fasokele.org\/wp-content\/uploads\/2016\/08\/esf_logo_4c.jpg 1173w\" sizes=\"(max-width: 144px) 100vw, 144px\" \/><\/a>l wurde gef\u00f6rdert durch den Freistaat Th\u00fcringen aus den Mitteln des Europ\u00e4ischen Sozialfonds<a href=\"http:\/\/www.fasokele.org\/wp-content\/uploads\/2016\/08\/eu_sozialfonds_links.jpg\"><img decoding=\"async\" loading=\"lazy\" class=\"  wp-image-828 alignright\" src=\"http:\/\/www.fasokele.org\/wp-content\/uploads\/2016\/08\/eu_sozialfonds_links.jpg\" alt=\"eu_sozialfonds_links\" width=\"144\" height=\"86\" srcset=\"https:\/\/fasokele.org\/wp-content\/uploads\/2016\/08\/eu_sozialfonds_links.jpg 591w, https:\/\/fasokele.org\/wp-content\/uploads\/2016\/08\/eu_sozialfonds_links-300x180.jpg 300w\" sizes=\"(max-width: 144px) 100vw, 144px\" \/><\/a><\/h4>\n<\/li>\n<\/ul>\n<p><\/p>","protected":false},"excerpt":{"rendered":"<p>Afrique-Europe-Interact Gutermuth Kokopelli Die Gr\u00fcndung FASO KELEs als gr\u00fcnes fair-trade Label wurde gef\u00f6rdert durch den Freistaat Th\u00fcringen aus den Mitteln des Europ\u00e4ischen Sozialfonds<\/p>\n","protected":false},"author":1,"featured_media":0,"parent":0,"menu_order":0,"comment_status":"closed","ping_status":"closed","template":"","meta":[],"_links":{"self":[{"href":"https:\/\/fasokele.org\/index.php?rest_route=\/wp\/v2\/pages\/826"}],"collection":[{"href":"https:\/\/fasokele.org\/index.php?rest_route=\/wp\/v2\/pages"}],"about":[{"href":"https:\/\/fasokele.org\/index.php?rest_route=\/wp\/v2\/types\/page"}],"author":[{"embeddable":true,"href":"https:\/\/fasokele.org\/index.php?rest_route=\/wp\/v2\/users\/1"}],"replies":[{"embeddable":true,"href":"https:\/\/fasokele.org\/index.php?rest_route=%2Fwp%2Fv2%2Fcomments&post=826"}],"version-history":[{"count":4,"href":"https:\/\/fasokele.org\/index.php?rest_route=\/wp\/v2\/pages\/826\/revisions"}],"predecessor-version":[{"id":833,"href":"https:\/\/fasokele.org\/index.php?rest_route=\/wp\/v2\/pages\/826\/revisions\/833"}],"wp:attachment":[{"href":"https:\/\/fasokele.org\/index.php?rest_route=%2Fwp%2Fv2%2Fmedia&parent=826"}],"curies":[{"name":"wp","href":"https:\/\/api.w.org\/{rel}","templated":true}]}}